 i(1) is divided by 8.
6
Suppose 0 = -27*u + 35*u - 24. Calculate the remainder when u is divided by 1.
0
Let u = 0 + 3. Suppose 5*c + u*n = -n + 45, -2*c - 2*n + 20 = 0. Calculate the remainder when 0 + (-3 - -15) - (4 - 1) is divided by c.
4
Let d(g) = -1 - 3 - 3*g**2 + g + 3*g**3 - 2*g**3. Let p(x) = -x**2 - 5*x + 4. Let r be p(-5). Calculate the remainder when 30 is divided by d(r).
14
Let u(v) = -v + 14. Let g be u(11). What is the remainder when 109 is divided by 84/g - (-4 - -4)?
25
Let t(l) be the first derivative of 3*l**2/2 - 4*l - 1. Let z(m) = 2*m**2 - 5*m + 2. Calculate the remainder when t(4) is divided by z(3).
3
Suppose 285 = 3*s + 2*s. Suppose 0 = -2*p - 13 + s. What is the remainder when p is divided by 12?
10
Suppose 4*z + 5 = 29. Calculate the remainder when 11 is divided by z.
5
Let t = 7 - 5. Calculate the remainder when 2/(-4) + 81/t is divided by 14.
12
Let d(j) = j**3 - 6*j**2 - j - 4. Let o(i) = 2*i**3 - 13*i**2 - 2*i - 9. Let a(x) = 9*d(x) - 4*o(x). What is the remainder when 17 is divided by a(3)?
5
Let x = 17 - -2. Let l = -2 - -18. Calculate the remainder when x is divided by 82/8 - 4/l.
9
Suppose -3*k = k - 92. Let t(u) = 18*u**2 + 3*u. What is the remainder when t(-2) is divided by k?
20
Let a be (-27)/(-5) + 2/(-5). Suppose 13 = 2*b + a. Suppose b*p - 2*n = -n + 6, 12 = 3*p + 3*n. What is the remainder when 4 is divided by p?
0
Suppose s + 2*s - 198 = -4*u, 5*u - 2*s - 259 = 0. Suppose 2*c + 104 = 6*c. Calculate the remainder when u is divided by c.
25
Suppose 0 = 5*v + 3*x - 1145 - 74, -4*x = -2*v + 472. Suppose 4*l + 5*y - 363 + 22 = 0, 0 = 3*l + y - v. Calculate the remainder when l is divided by 20.
19
Let k = -5 + 3. Let m = -4 - k. What is the remainder when ((-86)/3)/(m/3) is divided by 15?
13
Let t = 19 + 4. Suppose 3*f = 2*b + 13, -2*f - 3*f + 2*b + 23 = 0. Suppose -2*g = -f*g + 24. Calculate the remainder when t is divided by g.
7
Let k(b) be the first derivative of -5*b - b**3 + 1/2*b**2 + 2 + 1/4*b**4. What is the remainder when 28 is divided by k(4)?
13
Suppose -2*p = 2*p + 2*m - 86, -2*m = 5*p - 107. Let h = -10 + p. What is the remainder when 41 is divided by h?
8
Let w(s) = s**2 + 14*s + 15. Let y be w(-15). Suppose -5*u - 4*l = -73, 5*u - 6*l + l - 55 = 0. Calculate the remainder when (-18)/y - 193/(-5) is divided by u.
12
Suppose -b + 18 = -d - 5*b, b + 5 = 0. Let m(n) = -2*n + 0*n + 4*n + n**3 + n**2. Calculate the remainder when 30 is divided by m(d).
14
Let j(c) = c**2 + 4*c - 2. Let n be j(-5). Suppose 4*y = n*y + 4. Calculate the remainder when 10 is divided by y.
2
Let p = 25 + -10. What is the remainder when p is divided by 9?
6
Suppose 23*m = 20*m + 288. What is the remainder when m is divided by 25?
21
Suppose -4*j + 96 = 2*b + 3*b, 4*b = -j + 68. Let m(r) = 4*r**2 - 2*r. Calculate the remainder when m(3) is divided by b.
14
Suppose -76 = -a - 15. Suppose -q - 3*y = -2*q + a, 4*y - 33 = -q. Calculate the remainder when q is divided by 25.
24
Suppose 196 = 9*g - 7*g. Suppose -12 - 21 = -l. What is the remainder when g is divided by l?
32
Suppose -1 = -b + 3. Calculate the remainder when 35 is divided by b.
3
Let s(g) = 5*g - 10. Suppose -q - t = -59, -3*q + 4*t + 106 = -q. What is the remainder when q is divided by s(5)?
12
Let x(t) = 24*t**3 + t - 1. Let p be x(1). Let b(q) = 2*q**2 - 6*q + 6. Let w be b(2). Suppose w*o + p = 4*o. What is the remainder when 34 is divided by o?
10
Let x = 100 - 95. What is the remainder when (-46)/((1 + -3)/1) is divided by x?
3
Suppose -3*a = -0*a + 6. Let y be 0*1/a*1. Suppose -3*l + p = -y*p - 13, -5*p - 15 = -5*l. What is the remainder when 14 is divided by l?
4
Suppose -u + 197 = -3*y, 5*u - 963 = -0*u + 4*y. Let l = -122 + u. What is the remainder when l is divided by 24?
21
Let k be ((-90)/4)/(18/(-24)). Let l = k - -8. What is the remainder when l is divided by 8?
6
Let r = 5 - 3. Suppose -z + 10 = -r*v, -28 + 8 = -4*v. Calculate the remainder when 38 is divided by z.
18
Suppose -6*j = -4*j - 22. What is the remainder when 43 is divided by j?
10
Let b(j) = j + 15. Let y be b(-11). Let f = 1 + y. Calculate the remainder when f is divided by 3.
2
Suppose -3*o = 9, w - o - 120 = -0*o. What is the remainder when w is divided by 40?
37
Suppose 0*w = -3*w - 5*b + 136, w + 5*b - 32 = 0. Calculate the remainder when w is divided by 14.
10
Calculate the remainder when (-172)/(-2) - (1 - -1) is divided by 22.
18
Suppose 3*a - 7*a = 40. Let s be (-3)/12 - a/8. Let x = 7 - s. What is the remainder when x is divided by 4?
2
Let x(u) = u**2 + 3. Let w be x(3). Suppose 4*i - w = -0*i. Suppose j = i + 4. What is the remainder when 27 is divided by j?
6
Suppose -42 = 5*y - 8*y. Calculate the remainder when (52/(-12))/((-3)/27) is divided by y.
11
Suppose 2*k = -2*q + 2, -q - 23 = -6*k + 3*k. Calculate the remainder when 11 is divided by k.
5
Suppose 0 = -23*x + 26*x - 897. What is the remainder when x is divided by 43?
41
Suppose v - 9 = -1. Suppose 4*b + 12*b - 80 = 0. Calculate the remainder when v is divided by b.
3
Let j be 546/18 - 1/3. Let t = 1 + j. What is the remainder when t is divided by 11?
9
Calculate the remainder when 35 is divided by (-96)/(-10) - 1*(-15)/(-25).
8
Suppose -1 = -n + 1. Suppose -6*v = n*g - 2*v - 10, 0 = -3*g - 5*v + 14. Suppose -f = -1, 3*s + f = -g*f + 16. What is the remainder when 11 is divided by s?
3
Suppose -12*r = 4*r - 544. What is the remainder when 98 is divided by r?
30
Let j(d) = -d + 8. Let b be j(8). Suppose b = -3*g + 6*g - 6. What is the remainder when g is divided by 1?
0
What is the remainder when ((-36)/(-6))/((-1)/(-3)) is divided by 10?
8
Let i be (-1)/((-2)/142*1). Suppose 13 = 4*j - i. What is the remainder when 41 is divided by j?
20
Let p(g) = -g**3 + 2*g**2 + 55*g + 7. What is the remainder when p(8) is divided by 24?
15
Calculate the remainder when (-12*(-3)/20)/((-2)/(-30)) is divided by 15.
12
Suppose -l + 32 = 2*u, 2*l - 3*l - 3*u + 34 = 0. What is the remainder when 83 is divided by l?
27
Suppose 5*f - 8 = f. Suppose 5*a - 4*t - 53 + 2 = 0, -31 = -5*a - t. Calculate the remainder when a is divided by f.
1
Suppose 4*x = -12 + 68. Suppose -2*r = -36 - x. Let p(m) = 3*m**2 - 2*m + 1. Calculate the remainder when r is divided by p(2).
7
Let t = 90 - 62. Suppose 3*l - t = 8. What is the remainder when 23 is divided by l?
11
Let r(b) = -b**2 - 9*b + 13. Let w be r(-10). Suppose 0 = w*f + 2*g - 2, 2*g = -3*f - 2*g + 10. Calculate the remainder when 58 is divided by f/(-1*(-1)/(-10)).
18
Let k be -2*3/(-2) + -6. Calculate the remainder when (k + 3 + -1)*-7 is divided by 10*3*2/15.
3
Let d be (8/16)/(1/2). Suppose 5*m + d = 121. Calculate the remainder when 46 is divided by m.
22
Suppose -4*x + 4*p = -p - 36, 2*p - 8 = -4*x. Let u = 6 + -19. Let i = u + 24. What is the remainder when i is divided by x?
3
Let r be 0 + (-7)/(-2)*6. Let l = 10 - 10. Suppose l*w - 3*w = -r. Calculate the remainder when 12 is divided by w.
5
Suppose 0 = 4*f - 3*f + 3*t - 4, 0 = -2*f - 4*t + 8. Let a = 33 - 17. What is the remainder when a is divided by -3*3*f/(-6)?
4
Suppose -4*s + 5 = -23. What is the remainder when 3 + (-60)/(-16)*4 is divided by s?
4
Let a = -2 - -6. Let f = a + -4. Suppose -4*c + 4*s = -92, 5*c + f*s - 131 = -3*s. What is the remainder when c is divided by 9?
7
Let d = 165 + -90. Let f = d - -120. What is the remainder when ((-4)/6)/((-10)/f) is divided by 4?
1
Let j(s) = s**3 - 4*s**2 + 3*s + 3. Let b be j(3). Suppose 3*q = 4*f - 2*f - 61, 0 = -4*f - b*q + 77. What is the remainder when 45 is divided by f?
22
Let t(a) = -4*a + 9*a**2 + 20*a + a**3 - 11*a - 9. Let g = -13 + 5. What is the remainder when t(g) is divided by 6?
3
Let k = -8 - 25. What is the remainder when 87 is divided by (k/2)/(3/(-4))?
21
Let p(h) = 7*h + 42. Calculate the remainder when 25 is divided by p(-5).
4
Let c(t) = t - 4. Let g be c(3). Let b(z) = -10*z + 1. What is the remainder when 20 is divided by b(g)?
9
Suppose 0 = -4*v + 2*g + 106, -4*g + 5*g = 4*v - 103. Let h = 11 + -15. Let y(t) = -2*t + 5. What is the remainder when v is divided by y(h)?
12
Suppose -4*m - 29 = 19. What is the remainder when 1 + -2 - (m + 5) is divided by 4?
2
Let l = -1 - -3. What is the remainder when 31 is divided by (-4)/(-8)*(20 + l)?
9
Suppose -8